e millions digit of 3674662?
3
What is the hundred thousands digit of 1051664?
0
What is the tens digit of 6523724?
2
What is the millions digit of 6056283?
6
What is the ten thousands digit of 6970530?
7
What is the hundred thousands digit of 1139156?
1
What is the hundred thousands digit of 5174387?
1
What is the ten thousands digit of 361170?
6
What is the hundreds digit of 1201142?
1
What is the hundreds digit of 907880?
8
What is the thousands digit of 44764?
4
What is the thousands digit of 1819866?
9
What is the millions digit of 5246727?
5
What is the ten millions digit of 19996602?
1
What is the tens digit of 712576?
7
What is the thousands digit of 151047?
1
What is the units digit of 2754179?
9
What is the thousands digit of 31534216?
4
What is the hundreds digit of 109641?
6
What is the hundreds digit of 65932?
9
What is the ten thousands digit of 100716?
0
What is the thousands digit of 1339751?
9
What is the units digit of 185128?
8
What is the units digit of 46758?
8
What is the units digit of 6648?
8
What is the ten millions digit of 15099724?
1
What is the ten thousands digit of 33450045?
5
What is the hundred thousands digit of 363556?
3
What is the thousands digit of 301525?
1
What is the thousands digit of 33042?
3
What is the hundreds digit of 4645190?
1
What is the ten thousands digit of 102436?
0
What is the tens digit of 436875?
7
What is the units digit of 142577?
7
What is the ten thousands digit of 205756?
0
What is the tens digit of 18440251?
5
What is the units digit of 9877663?
3
What is the ten thousands digit of 234014?
3
What is the thousands digit of 7231069?
1
What is the hundred thousands digit of 2786684?
7
What is the thousands digit of 7611473?
1
What is the hundreds digit of 2378618?
6
What is the thousands digit of 77069?
7
What is the thousands digit of 1369685?
9
What is the ten thousands digit of 21703?
2
What is the ten thousands digit of 6294137?
9
What is the thousands digit of 190831?
0
What is the ten thousands digit of 72228?
7
What is the ten thousands digit of 1510902?
1
What is the ten thousands digit of 34675240?
7
What is the units digit of 25757668?
8
What is the tens digit of 661139?
3
What is the ten thousands digit of 1813009?
1
What is the units digit of 18962241?
1
What is the hundreds digit of 150978?
9
What is the tens digit of 1070580?
8
What is the hundreds digit of 4634?
6
What is the hundred thousands digit of 1024752?
0
What is the hundred thousands digit of 2074912?
0
What is the thousands digit of 252294?
2
What is the hundreds digit of 404890?
8
What is the ten thousands digit of 540866?
4
What is the ten thousands digit of 15521957?
2
What is the tens digit of 13127623?
2
What is the tens digit of 2154785?
8
What is the hundreds digit of 137672?
6
What is the units digit of 2725868?
8
What is the tens digit of 112741?
4
What is the tens digit of 4434754?
5
What is the ten thousands digit of 1514854?
1
What is the ten thousands digit of 4525027?
2
What is the ten thousands digit of 746883?
4
What is the hundred thousands digit of 4958690?
9
What is the hundred thousands digit of 4055499?
0
What is the hundred thousands digit of 4069183?
0
What is the thousands digit of 842800?
2
What is the units digit of 6479?
9
What is the hundreds digit of 328550?
5
What is the ten thousands digit of 880520?
8
What is the ten thousands digit of 120367?
2
What is the hundreds digit of 25134115?
1
What is the tens digit of 567712?
1
What is the ten thousands digit of 11510004?
1
What is the units digit of 74493?
3
What is the units digit of 741295?
5
What is the thousands digit of 11144727?
4
What is the hundreds digit of 194737?
7
What is the thousands digit of 703131?
3
What is the tens digit of 298732?
3
What is the hundreds digit of 13549514?
5
What is the millions digit of 2914986?
2
What is the tens digit of 2056565?
6
What is the hundreds digit of 2825999?
9
What is the hundreds digit of 8849443?
4
What is the units digit of 2967562?
2
What is the thousands digit of 723654?
3
What is the ten thousands digit of 237786?
3
What is the units digit of 946866?
6
What is the tens digit of 535041?
4
What is the ten thousands digit of 113352?
1
What is the hundred thousands digit of 3292159?
2
What is the units digit of 829796?
6
What is the units digit of 125519?
9
What is the hundred thousands digit of 253313?
2
What is the hundreds digit of 7847017?
0
What is the tens digit of 5766210?
1
What is the millions digit of 1356512?
1
What is the tens digit of 2766678?
7
What is the thousands digit of 506106?
6
What is the thousands digit of 107271?
7
What is the thousands digit of 557934?
7
What is the millions digit of 7068390?
7
What is the thousands digit of 868597?
8
What is the tens digit of 24604027?
2
What is the ten millions digit of 26698183?
2
What is the tens digit of 3345421?
2
What is the tens digit of 1516035?
3
What is the tens digit of 7471163?
6
What is the hundred thousands digit of 850500?
8
What is the units digit of 27708?
8
What is the units digit of 2012881?
1
What is the thousands digit of 61163?
1
What is the hundreds digit of 239660?
6
What is the hundreds digit of 2482639?
6
What is the units digit of 3303318?
8
What is the hundred thousands digit of 4775382?
7
What is the units digit of 246918?
8
What is the units digit of 785506?
6
What is the hundred thousands digit of 135494?
1
What is the ten thousands digit of 232181?
3
What is the ten thousands digit of 353246?
5
What is the ten millions digit of 18946256?
1
What is the hundred thousands digit of 4544369?
5
What is the thousands digit of 575488?
5
What is the millions digit of 20487182?
0
What is the thousands digit of 22368097?
8
What is the units digit of 3887821?
1
What is the units digit of 9696?
6
What is the hundred thousands digit of 295875?
2
What is the thousands digit of 3832126?
2
What is the tens digit of 3911243?
4
What is the units digit of 254689?
9
What is the millions digit of 2359304?
2
What is the millions digit of 5625660?
5
What is the hundreds digit of 426688?
6
What is the ten thousands digit of 134632?
3
What is the millions digit of 12033100?
2
What is the hundred thousands digit of 2023350?
0
What is the hundred thousands digit of 2521257?
5
What is the hundreds digit of 80034?
0
What is the units digit of 11303?
3
What is the ten thousands digit of 409168?
0
What is the hundred thousands digit of 281745?
2
What is the units digit of 8104625?
5
What is the ten thousands digit of 8842863?
4
What is the millions digit of 8020712?
8
What is the tens digit of 98684?
8
What is the hundreds digit of 783861?
8
What is the hundred thousands digit of 5354016?
3
What is the hundreds digit of 1552448?
4
What is the tens digit of 1011890?
9
What is the tens digit of 977928?
2
What is the units digit of 181815?
5
What is the hundred thousands digit of 350499?
3
What is the ten thousands digit of 21193229?
9
What is the thousands digit of 11030500?
0
What is the hundred thousands digit of 1811372?
8
What is the hundred thousands digit of 11646973?
6
What is the units digit of 58278?
8
What is the hundreds digit of 73682?
6
What is the hundred thousands digit of 1051921?
0
What is the millions digit of 18257552?
8
What is the ten thousands digit of 182967?
8
What is the thousands digit of 4073437?
3
What is the thousands digit of 2958634?
8
What is the tens digit of 465288?
8
What is the ten thousands digit of 1925893?
2
What is the thousands digit of 12447754?
7
What is the units digit of 530298?
8
What is the hundred thousands digit of 563861?
5
What is the ten millions digit of 44263054?
4
What is the hundreds digit of 10623565?
5
What is the thousands digit of 1120252?
0
What is the hundreds digit of 41650?
6
What is the hundreds digit of 1058164?
1
What is the hundreds digit of 1458742?
7
What is the hundreds digit of 6937364?
3
What is the tens digit of 45241?
4
What is the hundreds digit of 1342502?
5
What is the thousands digit of 2413563?
3
What is the tens digit of 19835795?
9
What is the units digit of 4009307?
7
What is the hundred thousands digit of 1153713?
1
What is the ten thousands digit of 14360118?
6
What is the thousands digit of 3853725?
3
What is the tens digit of 5168778?
